actors of 3*u/9*-29.
2, 29
Let l(p) = -160*p. Suppose -w + 3*w + 2 = 0. What are the prime factors of l(w)?
2, 5
Suppose -4*q + 2*v + 3429 + 6345 = 0, 5*q + 2*v = 12213. List the prime factors of q.
7, 349
Suppose -3*c + 6*w - 8*w = -13451, -w = 2. List the prime factors of c.
3, 5, 13, 23
Let p(o) = -o**2 + 6*o - 1. Let d be p(-5). Let b = d - -98. What are the prime factors of b?
2, 3, 7
Suppose f - 19 = 3*s + 9, -2*f + 72 = 2*s. List the prime factors of (-4)/f + (-956)/(-34).
2, 7
What are the prime factors of (-730)/6*(-174)/290?
73
Suppose -2*y = -10 - 14. Suppose -5*u + u + y = 0. Suppose -t - u*c - 71 = -5*t, -t = 2*c - 4. What are the prime factors of t?
2, 7
Suppose 14*h - 1368 = 10*h. List the prime factors of h.
2, 3, 19
Let n(g) = -g**3 + 9*g**2 + 62*g + 15. List the prime factors of n(-10).
5, 7, 37
Let c(i) = 4212*i**2 + 28*i - 1. What are the prime factors of c(1)?
3, 157
Let u(v) = 10*v**3 - 2*v**2 - 8*v + 4. List the prime factors of u(3).
2, 29
What are the prime factors of -24 + 29 + (-136)/(-1)?
3, 47
Let x = -4 - 18. Let c = x - -26. Suppose -7*b + c*b + 21 = 0. List the prime factors of b.
7
Let s = 328 - 284. What are the prime factors of s?
2, 11
Let g = 114 + 99. List the prime factors of g.
3, 71
Let v be 266/2*(-2 - 1). Let g = -151 - v. List the prime factors of g.
2, 31
Let d(w) = 3*w**2 - 15*w + 4. List the prime factors of d(5).
2
List the prime factors of -633*30/(-27)*(-189)/(-35).
2, 3, 211
Let w = 6 + -11. List the prime factors of 2/5 - 163/w.
3, 11
Let t(q) = -q**3 - 21*q**2 - 22*q - 40. Let w be t(-20). What are the prime factors of (-1 + w)/((-19)/2793)?
3, 7
Let r(p) = p + 15. Let o be r(-13). Suppose t + o*t = 72. List the prime factors of t.
2, 3
What are the prime factors of 6/9 - 10376/72*-3?
433
Suppose 2*c - 22 = -5*n, -c = -0*c - 1. Let x = 2 - -2. Suppose -5*r + 2*r - m + x = 0, -5*m = -n*r + 37. List the prime factors of r.
3
Suppose 530 = 18*q - 16*q. Let x = q + 20. List the prime factors of x.
3, 5, 19
Let g = 9 + -6. Suppose 0 = -2*l + 4*l - g*m + 819, -815 = 2*l + m. List the prime factors of (-4)/6*l/16.
17
Let t = 417 + -65. What are the prime factors of t?
2, 11
Suppose -5*f = -o + 916, 0 = 3*f - 19 + 4. List the prime factors of o.
941
Suppose 0*p = 3*p + h - 100, -2*p + 85 = -3*h. Suppose 36 = -2*a - n, -8 - 4 = 2*a - 5*n. Let y = a + p. What are the prime factors of y?
19
Let x be 843/(-9) + (-4)/(-6). Let r = -35 - x. List the prime factors of r.
2, 29
Let p(r) = -2*r + 2. Let d be p(-1). Suppose -3 = 3*h - d*h. Suppose h*f - 6*f + 135 = 0. List the prime factors of f.
3, 5
Suppose 4*o = 3*z + 116, -3*o - z + 53 = -21. Suppose -10*j = -9*j - o. List the prime factors of j.
2, 13
Let s be 135/18*4/(-5). Let q = 3 + s. Let c(v) = -13*v - 3. List the prime factors of c(q).
2, 3
Let g be 35 - 23 - (-3 - 0/(-1)). Suppose 0 = 7*q + g - 99. What are the prime factors of q?
2, 3
Suppose 1454*f + 140 = 1458*f. What are the prime factors of f?
5, 7
Let i(a) = -2*a**2 + 22*a + 26. Let k be i(12). List the prime factors of 110/k + -2 - (-1 + 2).
2, 13
Let t(s) = 4*s**3 + 10*s**2 - 8*s - 11. Let q be t(-8). List the prime factors of 6/21 - q/35.
3, 13
Let a(b) = -61*b + 204. List the prime factors of a(-29).
1973
What are the prime factors of (-965)/(((-35)/14)/1)?
2, 193
Let x be (7/(14/12))/(-2). Let s(b) be the third derivative of -5*b**4/24 - b**3/3 - 3*b**2 + 4*b. List the prime factors of s(x).
13
Let k be -6 + (5 - 3 - 4). Let s(g) be the first derivative of g**3/3 + 4*g**2 + 13*g - 14. What are the prime factors of s(k)?
13
Suppose 595 = -3*y + 20*y. What are the prime factors of y?
5, 7
Let k = 19 - -1662. What are the prime factors of k?
41
Suppose -9*v + 9749 = -7486. List the prime factors of v.
5, 383
Let u = -92 + 50. What are the prime factors of (-4044)/u + 8/(-28)?
2, 3
What are the prime factors of -638*((-22)/28 - (-4)/14)?
11, 29
Suppose 8*o = 9*o - 1. Let n be o/1 + (-1 - 0). Suppose n = 3*m - 4*t - 81, -3*t + 4*t = -3. List the prime factors of m.
23
Suppose 2*s - 1 - 16 = 3*x, 5*x - 3*s + 27 = 0. What are the prime factors of (-5 + x)/8*(1 + -24)?
23
Suppose 0 = -19*a + 4*a + 5820. List the prime factors of a.
2, 97
Let l be 4 + 0*1/(-2). Let j = 981 - 966. Suppose -y + j = l*y. What are the prime factors of y?
3
Let q = -44 + -22. Let d = q + 124. List the prime factors of d.
2, 29
Suppose -198 = 271*h - 272*h. What are the prime factors of h?
2, 3, 11
Suppose -2*s + 21 = -4*u - u, s - 6 = -2*u. What are the prime factors of 2121/28*(s/3 + 0)?
2, 101
Suppose -7*i - 2 = -2*i + f, 8 = i + 3*f. What are the prime factors of (-938)/(-56)*(-4)/i?
67
Let z = 478 - -1704. List the prime factors of z.
2, 1091
Let d(w) = -11*w**3 + 5*w**2 + 4*w - 3. Suppose -4*n + 4*v - 4 = 0, 6*n = 2*n - v - 14. What are the prime factors of d(n)?
3, 109
Suppose -4 = -v - 3*o - 13, -5*v = -o - 19. Suppose -q = -4*w - 220, 2*w = -0*q + v*q - 610. List the prime factors of q.
2, 5
Let m(y) = 9*y**2 - 4*y - 8. Suppose 2*n = -4*r + 8, -5*r = -0*r + n - 16. Let h be m(r). Let s = -72 + h. What are the prime factors of s?
2, 3
What are the prime factors of ((-54)/90)/(6/(-9330))?
3, 311
Let h(u) = -2*u**3 + 4*u + 1. Let c be h(2). Let v(y) = y**3 + 8*y**2 + 4*y + 4. Let z be v(c). Let m = z - -6. What are the prime factors of m?
31
Suppose o + 2*f = -o - 34, -3*f + 9 = -o. Suppose -158 = -5*k - 28. Let a = o + k. List the prime factors of a.
11
Suppose 4*k - 8*k = 0. Suppose 2*u + u - 6 = k. Suppose -2*v + 86 = -5*h, 43 - 129 = -u*v + h. What are the prime factors of v?
43
Suppose -5*g - 17*k + 2400 = -12*k, 5*g + k = 2416. What are the prime factors of g?
2, 11
Suppose 2*l - 3558 = 4*x, 11*x + 4 = 9*x. List the prime factors of l.
5, 71
Let x(i) = i**3 - 2*i**2 + 2*i - 2. Let g be x(2). Let c(s) = -3*s + 2*s + g - 3*s - 14*s. List the prime factors of c(-2).
2, 19
Let b be 1/2 + 57/(-2). Let q be -2 + 5 + b/(-2). Suppose 0 = -q*i + 22*i - 155. List the prime factors of i.
31
Let n be (-147)/(-6)*((-90)/(-14) + -3). What are the prime factors of -2*(-2)/(-4) + n?
83
Let t = 4 + -13. Let l be (6/9)/((-2)/t). Suppose 52 = l*j + j. What are the prime factors of j?
13
Suppose 8 = 3*b - 5*q, q = 4*b - 6 + 1. Suppose -43 = -4*z - 5*k, -7 = -5*z - 2*k + 34. Suppose -z = 5*h - 5*i - 42, -h - i = -b. List the prime factors of h.
2
Let z = -64 - -68. What are the prime factors of ((-3740)/102)/(0 + z/(-18))?
3, 5, 11
Suppose -26*n = -29*n - 18. Let y(v) = 3*v**2 + 2*v + 26. List the prime factors of y(n).
2, 61
Let o(p) = -9*p - 2. Let f be o(-1). Let t = 8 - f. What are the prime factors of (t/(-3))/(4/(-528))?
2, 11
Suppose 0 = 11*d - 5*d - 6684. What are the prime factors of d?
2, 557
Let z = 19 - 18. Let x be (7 + z + -3)/(-1). Let t(i) = 2*i**2 + 7*i + 1. List the prime factors of t(x).
2
Let h = -7 + 7. Suppose h = -3*p + 6 - 24. List the prime factors of (p + 22)*(-3)/(-3).
2
Let u(r) = -6*r + 66. List the prime factors of u(-37).
2, 3
Let d(b) = b + 3. Let f be d(-3). Suppose 5*c + 0 - 21 = -h, f = 3*h + 2*c + 2. What are the prime factors of (h/(-2))/1 - -21?
23
Suppose 9177 = 10*q - 20093. List the prime factors of q.
2927
Let z be 4/(-6) - (-536)/(-6). Suppose 4*f - 1 + 209 = -4*m, 0 = -5*m + f - 230. Let v = m - z. What are the prime factors of v?
43
Suppose -18 = -r - 48. Let t be (312/(-30))/(4/r). Suppose 0 = 2*d - 5*d + t. List the prime factors of d.
2, 13
Suppose 0 = 144*m - 138*m - 6132. List the prime factors of m.
2, 7, 73
Let l(v) = v**3 + 10*v**2 + 13*v - 19. Let i be l(-8). Suppose -i*c + 233 = 23. List the prime factors of c.
2, 3, 7
Suppose 0 = 2*p - 3*m + m - 2886, -2*p - 2*m + 2894 = 0. What are the prime factors of p?
5, 17
Let l(a) = a**3 + 12*a**2 - 11*a + 15. Let r be l(-12). Let n = -52 + r. What are the prime factors of n?
5, 19
Suppose 3*b - 75 = k + 37, 0 = -2*b - 2*k + 88. Suppose -3*y = -2*y - b. Suppose -2*t = 3*i - y - 0, -3*i = -4*t + 51. What are the prime factors of t?
3, 5
Suppose 3*f - 13 = i, 5*i - 27 - 8 = -5*f. Suppose i*a = 90 + 140. What are the prime factors of a?
5, 23
Suppose 166 = -12*g + 8554. What are the prime factors of g?
3, 233
Let p = 801 + -132. List the prime factors of p.
3, 223
Let r = 561 - -138. List the prime factors of r.
3, 233
Let i = -2